{"id":42,"date":"2018-03-04T20:14:24","date_gmt":"2018-03-04T19:14:24","guid":{"rendered":"http:\/\/lowiskokamien.pl\/?page_id=42"},"modified":"2021-05-20T11:03:00","modified_gmt":"2021-05-20T09:03:00","slug":"kontakt","status":"publish","type":"page","link":"https:\/\/lowiskokamien.pl\/?page_id=42","title":{"rendered":"Kontakt"},"content":{"rendered":"<p><strong>SPRAWDZENIA DOST\u0118PNO\u015aCI STANOWISK ORAZ REZERWACJI DOKONUJE SI\u0118 POPRZEZ MODU\u0141 REZERWACJI DOST\u0118PNY NA STRONIE WWW.LOWISKOMKAMIEN.PL<\/strong><\/p>\n<p>Wola Sucho\u017cebrska,\u00a0ul. Le\u015bna 18<\/p>\n<p>08-125 Sucho\u017cebry<\/p>\n<p>TEL.\u00a0 660 163 033<\/p>\n","protected":false},"excerpt":{"rendered":"<p>SPRAWDZENIA DOST\u0118PNO\u015aCI STANOWISK ORAZ REZERWACJI DOKONUJE SI\u0118 POPRZEZ MODU\u0141 REZERWACJI DOST\u0118PNY NA STRONIE WWW.LOWISKOMKAMIEN.PL Wola Sucho\u017cebrska,\u00a0ul. Le\u015bna 18 08-125 Sucho\u017cebry TEL.\u00a0 660 163 033<\/p>\n","protected":false},"author":1,"featured_media":0,"parent":0,"menu_order":0,"comment_status":"closed","ping_status":"closed","template":"","meta":[],"_links":{"self":[{"href":"https:\/\/lowiskokamien.pl\/index.php?rest_route=\/wp\/v2\/pages\/42"}],"collection":[{"href":"https:\/\/lowiskokamien.pl\/index.php?rest_route=\/wp\/v2\/pages"}],"about":[{"href":"https:\/\/lowiskokamien.pl\/index.php?rest_route=\/wp\/v2\/types\/page"}],"author":[{"embeddable":true,"href":"https:\/\/lowiskokamien.pl\/index.php?rest_route=\/wp\/v2\/users\/1"}],"replies":[{"embeddable":true,"href":"https:\/\/lowiskokamien.pl\/index.php?rest_route=%2Fwp%2Fv2%2Fcomments&post=42"}],"version-history":[{"count":10,"href":"https:\/\/lowiskokamien.pl\/index.php?rest_route=\/wp\/v2\/pages\/42\/revisions"}],"predecessor-version":[{"id":567,"href":"https:\/\/lowiskokamien.pl\/index.php?rest_route=\/wp\/v2\/pages\/42\/revisions\/567"}],"wp:attachment":[{"href":"https:\/\/lowiskokamien.pl\/index.php?rest_route=%2Fwp%2Fv2%2Fmedia&parent=42"}],"curies":[{"name":"wp","href":"https:\/\/api.w.org\/{rel}","templated":true}]}}