{"id":41,"date":"2018-03-04T19:48:14","date_gmt":"2018-03-04T18:48:14","guid":{"rendered":"http:\/\/lowiskokamien.pl\/?page_id=41"},"modified":"2020-12-17T12:13:37","modified_gmt":"2020-12-17T11:13:37","slug":"o-nas","status":"publish","type":"page","link":"https:\/\/lowiskokamien.pl\/?page_id=41","title":{"rendered":"O \u0142owisku"},"content":{"rendered":"<p>Wyrobisko po\u017cwirowe po\u0142o\u017cone we wschodniej cz\u0119\u015bci wojew\u00f3dztwa mazowieckiego, 10 km od Siedlec. Teren o \u0142\u0105cznej powierzchni 7 hektar\u00f3w, kryje w swoim wn\u0119trzu trzy<span class=\"text_exposed_show\">\u00a0hektarowy akwen wodny. W s\u0105siedztwie las\u00f3w sosnowych, \u0142\u0105k i sad\u00f3w, bez przemys\u0142u i zanieczyszcze\u0144. Woda o nieskazitelnej czysto\u015bci, obfituj\u0105ca w okaza\u0142e karpie, liny, szczupaki, sandacze, okonie oraz wiele innych, atrakcyjnych gatunk\u00f3w ryb. Niezwykle urozmaicone dno zbiornika z kilkutonowymi kamieniami, uatrakcyjnia w\u0119dkowanie. Na brzegach zbiornika znajduje si\u0119 41 profesjonalnie wykonanych stanowisk umo\u017cliwiaj\u0105cych bezpieczne i wygodne w\u0119dkowanie. Stanowiska spe\u0142niaj\u0105 wymogi obowi\u0105zuj\u0105ce przy organizacji zawod\u00f3w w\u0119dkarskich. Teren \u0141owiska jest ogrodzony i monitorowany. Bardzo dobry dojazd, obszerny parking, toalety, wiaty stwarzaj\u0105 atrakcyjne warunki do aktywnego wypoczynku nad wod\u0105.<\/span><\/p>\n<p><img loading=\"lazy\" class=\"aligncenter size-full wp-image-537\" src=\"http:\/\/lowiskokamien.pl\/wp-content\/uploads\/2020\/12\/LowiskoKamien_Mapa-scaled.jpg\" alt=\"mapa \" width=\"2560\" height=\"1810\" srcset=\"https:\/\/lowiskokamien.pl\/wp-content\/uploads\/2020\/12\/LowiskoKamien_Mapa-scaled.jpg 2560w, https:\/\/lowiskokamien.pl\/wp-content\/uploads\/2020\/12\/LowiskoKamien_Mapa-300x212.jpg 300w, https:\/\/lowiskokamien.pl\/wp-content\/uploads\/2020\/12\/LowiskoKamien_Mapa-1024x724.jpg 1024w, https:\/\/lowiskokamien.pl\/wp-content\/uploads\/2020\/12\/LowiskoKamien_Mapa-768x543.jpg 768w, https:\/\/lowiskokamien.pl\/wp-content\/uploads\/2020\/12\/LowiskoKamien_Mapa-1536x1086.jpg 1536w, https:\/\/lowiskokamien.pl\/wp-content\/uploads\/2020\/12\/LowiskoKamien_Mapa-2048x1448.jpg 2048w\" sizes=\"(max-width: 767px) 89vw, (max-width: 1000px) 54vw, (max-width: 1071px) 543px, 580px\" \/><\/p>\n<div class=\"_2cuy _3dgx _2vxa\"><span class=\"_4yxo\">GATUNKI RYB WYST\u0118PUJ\u0104CE W \u0141OWISKU<\/span><\/div>\n<div class=\"_2cuy _3dgx _2vxa\">\u00b7 Karp, lin, kara\u015b z\u0142ocisty, kara\u015b srebrzysty, leszcz, p\u0142o\u0107, wzdr\u0119ga, ja\u017a<\/div>\n<div class=\"_2cuy _3dgx _2vxa\">\u00b7 Szczupak, sandacz, oko\u0144, jesiotr rosyjski, jesiotr syberyjski, amur<\/div>\n","protected":false},"excerpt":{"rendered":"<p>Wyrobisko po\u017cwirowe po\u0142o\u017cone we wschodniej cz\u0119\u015bci wojew\u00f3dztwa mazowieckiego, 10 km od Siedlec. Teren o \u0142\u0105cznej powierzchni 7 hektar\u00f3w, kryje w swoim wn\u0119trzu trzy\u00a0hektarowy akwen wodny. W s\u0105siedztwie las\u00f3w sosnowych, \u0142\u0105k i sad\u00f3w, bez przemys\u0142u i zanieczyszcze\u0144. Woda o nieskazitelnej czysto\u015bci, obfituj\u0105ca w okaza\u0142e karpie, liny, szczupaki, sandacze, okonie oraz wiele innych, atrakcyjnych gatunk\u00f3w ryb. Niezwykle &hellip; <\/p>\n<p class=\"link-more\"><a href=\"https:\/\/lowiskokamien.pl\/?page_id=41\" class=\"more-link\">Czytaj dalej<span class=\"screen-reader-text\"> \u201eO \u0142owisku\u201d<\/span><\/a><\/p>\n","protected":false},"author":1,"featured_media":463,"parent":0,"menu_order":0,"comment_status":"closed","ping_status":"closed","template":"","meta":[],"_links":{"self":[{"href":"https:\/\/lowiskokamien.pl\/index.php?rest_route=\/wp\/v2\/pages\/41"}],"collection":[{"href":"https:\/\/lowiskokamien.pl\/index.php?rest_route=\/wp\/v2\/pages"}],"about":[{"href":"https:\/\/lowiskokamien.pl\/index.php?rest_route=\/wp\/v2\/types\/page"}],"author":[{"embeddable":true,"href":"https:\/\/lowiskokamien.pl\/index.php?rest_route=\/wp\/v2\/users\/1"}],"replies":[{"embeddable":true,"href":"https:\/\/lowiskokamien.pl\/index.php?rest_route=%2Fwp%2Fv2%2Fcomments&post=41"}],"version-history":[{"count":8,"href":"https:\/\/lowiskokamien.pl\/index.php?rest_route=\/wp\/v2\/pages\/41\/revisions"}],"predecessor-version":[{"id":539,"href":"https:\/\/lowiskokamien.pl\/index.php?rest_route=\/wp\/v2\/pages\/41\/revisions\/539"}],"wp:featuredmedia":[{"embeddable":true,"href":"https:\/\/lowiskokamien.pl\/index.php?rest_route=\/wp\/v2\/media\/463"}],"wp:attachment":[{"href":"https:\/\/lowiskokamien.pl\/index.php?rest_route=%2Fwp%2Fv2%2Fmedia&parent=41"}],"curies":[{"name":"wp","href":"https:\/\/api.w.org\/{rel}","templated":true}]}}